{"id":234,"date":"2020-10-05T11:51:25","date_gmt":"2020-10-05T09:51:25","guid":{"rendered":"https:\/\/tgp-papenburg.de\/?page_id=234"},"modified":"2026-03-03T10:15:28","modified_gmt":"2026-03-03T09:15:28","slug":"just-do-it","status":"publish","type":"page","link":"https:\/\/tgp-papenburg.de\/?page_id=234","title":{"rendered":"Just do it"},"content":{"rendered":"\n<div class=\"wp-block-columns is-layout-flex wp-container-core-columns-is-layout-9d6595d7 wp-block-columns-is-layout-flex\">\n<div class=\"wp-block-column is-layout-flow wp-block-column-is-layout-flow\"><div class=\"wp-block-image\">\n<figure class=\"alignleft size-large\"><img loading=\"lazy\" decoding=\"async\" width=\"208\" height=\"151\" src=\"https:\/\/tgp-papenburg.de\/wp-content\/uploads\/2021\/02\/Neues-Bild.png\" alt=\"\" class=\"wp-image-2352\"\/><\/figure>\n<\/div><\/div>\n\n\n\n<div class=\"wp-block-column is-layout-flow wp-block-column-is-layout-flow\">\n<p class=\"has-text-align-center has-medium-font-size\"><strong>Tauchgemeinschaft Papenburg 1979 e.V.<\/strong><\/p>\n\n\n\n<p class=\"has-text-align-center has-normal-font-size\"><strong>Immer einen Flossenschlag voraus!<\/strong><\/p>\n\n\n\n<p class=\"has-text-align-center has-normal-font-size\"><strong>Alle wichtigen Informationen f\u00fcr Sie!<\/strong><\/p>\n<\/div>\n\n\n\n<div class=\"wp-block-column is-layout-flow wp-block-column-is-layout-flow\"><div class=\"wp-block-image\">\n<figure class=\"alignright size-large is-resized\"><img loading=\"lazy\" decoding=\"async\" width=\"235\" height=\"235\" src=\"https:\/\/tgp-papenburg.de\/wp-content\/uploads\/2020\/10\/E-Mail.png\" alt=\"\" class=\"wp-image-2185\" style=\"width:145px;height:145px\" srcset=\"https:\/\/tgp-papenburg.de\/wp-content\/uploads\/2020\/10\/E-Mail.png 235w, https:\/\/tgp-papenburg.de\/wp-content\/uploads\/2020\/10\/E-Mail-150x150.png 150w\" sizes=\"auto, (max-width: 235px) 100vw, 235px\" \/><\/figure>\n<\/div><\/div>\n<\/div>\n\n\n\n<p><\/p>\n\n\n\n<p>Die Tauchgemeinschaft Papenburg 1979&nbsp; e.V. \u2013 wer ist das? Es handelt sich dabei um eine&nbsp;<strong>Gruppe von Tauchern<\/strong>&nbsp;und solchen, die es werden wollen. Sie sind einem der sch\u00f6nsten Hobbies verfallen: dem Bewegen im und unter Wasser. Dabei ist das Tauchen eine Leidenschaft, die in unseren heimischen Gew\u00e4ssern ebenfalls sehr viel Spa\u00df macht, nicht nur im Meer.<\/p>\n\n\n\n<p><strong>Werde du und deine ganze Familie bei uns Mitglied und erlebe du das Abenteuer Unterwasser!<\/strong><\/p>\n\n\n\n<ul class=\"wp-block-list\">\n<li>unsere&nbsp;<strong>Tauchausbildung ist international&nbsp;<\/strong>anerkannt!<\/li>\n\n\n\n<li>Sie sind&nbsp;<strong>automatisch&nbsp;<\/strong>bei einem Tauchunfall weltweit&nbsp;<strong>versichert<\/strong>!<\/li>\n\n\n\n<li>wir bieten Ihnen jede Ausbildung im Bereich Sporttauchen an!<\/li>\n\n\n\n<li>eine tolle&nbsp;<strong>Gemeinschaft<\/strong>!<\/li>\n\n\n\n<li>tolle&nbsp;<strong>Vereinsfahrten<\/strong>!<\/li>\n\n\n\n<li>gemeinsame&nbsp;<strong>Trainingsabende<\/strong>!<\/li>\n<\/ul>\n\n\n\n<p class=\"has-white-color has-text-color has-link-color wp-elements-7e4ac651328708ea719ac0894fa30934\">.<\/p>\n\n\n\n<figure class=\"wp-block-table is-style-stripes\"><table><tbody><tr><td><strong>Mitgliedschaft<\/strong><\/td><td><strong>Monatlich<\/strong><\/td><td><strong>Aufnahmegeb\u00fchr<\/strong><\/td><\/tr><tr><td>Kinder\/Jugendliche bis 18 Jahre<\/td><td>5,00 \u20ac<\/td><td>25,00 \u20ac<\/td><\/tr><tr><td>Erwachsene ab 18 Jahre&nbsp;<\/td><td>12,50 \u20ac<\/td><td>50,00 \u20ac<\/td><\/tr><tr><td>Familie (2 Erwachsene, 1 Kind)&nbsp;<\/td><td>25,00 \u20ac<\/td><td>100,00 \u20ac<\/td><\/tr><tr><td>Familie (1 Erwachsener, 1 Kind)&nbsp;<\/td><td>12,50 \u20ac<\/td><td>50,00 \u20ac<\/td><\/tr><tr><td><\/td><td><\/td><td><\/td><\/tr><\/tbody><\/table><\/figure>\n\n\n\n<p class=\"has-white-color has-text-color has-link-color wp-elements-7e4ac651328708ea719ac0894fa30934\">.<\/p>\n\n\n\n<figure class=\"wp-block-table is-style-stripes\"><table><tbody><tr><td><strong>Kurse<\/strong> <strong>Ger\u00e4tetauchen<\/strong><\/td><td><strong>Preis<\/strong><\/td><\/tr><tr><td>Grundtauchschein<\/td><td>50,00 \u20ac<\/td><\/tr><tr><td>CMAS * &#8211; Sports Diver<\/td><td>125,00 \u20ac<\/td><\/tr><tr><td>CMAS ** &#8211; Advanced Sports Diver<\/td><td>140,00 \u20ac<\/td><\/tr><tr><td>CMAS *** &#8211; Dive Leader<\/td><td>140,00 \u20ac<\/td><\/tr><tr><td><\/td><td><\/td><\/tr><\/tbody><\/table><\/figure>\n\n\n\n<p class=\"has-white-color has-text-color has-link-color wp-elements-7e4ac651328708ea719ac0894fa30934\">.<\/p>\n\n\n\n<figure class=\"wp-block-table is-style-stripes\"><table><tbody><tr><td><strong>Kurse Apnoetauchen<\/strong><\/td><td><strong>Preis<\/strong><\/td><\/tr><tr><td>Apnoe Kombikurs *<\/td><td>55,00 \u20ac<\/td><\/tr><tr><td>Apnoe Kombikurs **<\/td><td>120,00 \u20ac<\/td><\/tr><tr><td>Apnoe Kombikurs ***<\/td><td>150,00 \u20ac<\/td><\/tr><\/tbody><\/table><\/figure>\n\n\n\n<div style=\"height:50px\" aria-hidden=\"true\" class=\"wp-block-spacer\"><\/div>\n\n\n\n<p><strong>In der Kursgeb\u00fchr sind folgende Leistungen enthalten:<\/strong><\/p>\n\n\n\n<ul class=\"wp-block-list\">\n<li>Theorieunterricht von A-Z<\/li>\n\n\n\n<li>E-Learning<\/li>\n\n\n\n<li>ABC-Hallenbad Abnahmen<\/li>\n\n\n\n<li>Freigew\u00e4sser Pr\u00fcfungsabnahmen<\/li>\n\n\n\n<li>Beurkundung \/ Brevetierung<\/li>\n\n\n\n<li>Pr\u00fcfungsgeb\u00fchr<\/li>\n\n\n\n<li>bei CMAS * Leihausr\u00fcstung<\/li>\n<\/ul>\n\n\n\n<div style=\"height:100px\" aria-hidden=\"true\" class=\"wp-block-spacer\"><\/div>\n\n\n\n<p><strong>Verein im VDST<\/strong><\/p>\n\n\n\n<p>Wir, der Verband Deutscher Sporttaucher e.V., gegr\u00fcndet am 17.10.1954, decken alle Facetten des Sporttauchens ab und erm\u00f6glichen \u00fcber unsere Vereine ein fl\u00e4chendeckendes und bundesweites Angebot. Bei uns im VDST sind \u00fcber 75.000 Mitglieder in 926 Vereinen und 17 Landesverb\u00e4nden sowie als Einzelmitglieder aktiv und organisiert. Wir sind einer der weltweit gr\u00f6\u00dften ideellen Tauchsportverb\u00e4nde, der einzige Sportfachverband Tauchen im DOSB und der Vertreter Deutschlands im Welttauchsportverband CMAS, den wir 1959 mitbegr\u00fcndet haben.<\/p>\n\n\n\n<p><strong>Gesundheitliche Eignung<\/strong><\/p>\n\n\n\n<p>Um das Abenteuer Unterwasserwelt erleben zu k\u00f6nnen muss man sich erst einen Gesundheitscheck unterziehen. Die sogenannte Tauchtauglichkeit ist zwingend erforderlich um die gesundheitlich Eignung festzustellen, nur so k\u00f6nnt ihr ohne gesundheitliche Bedenken die Unterwasserwelt erleben und kennenlernen.<\/p>\n\n\n\n<div style=\"height:60px\" aria-hidden=\"true\" class=\"wp-block-spacer\"><\/div>\n\n\n\n<p><strong>Unser Management<\/strong><\/p>\n\n\n\n<figure class=\"wp-block-table\"><table><tbody><tr><td>1. Vorsitzender<\/td><td>Norbert Wotte<\/td><td><a href=\"mailto:wotte@tgp-papenburg.de\">wotte@tgp-papenburg.de<\/a><\/td><\/tr><tr><td>2. Vorsitzender<\/td><td>Holger van der Slyk <\/td><td><a href=\"mailto:holger@tgp-papenburg.de\">holger@tgp-papenburg.de<\/a><\/td><\/tr><tr><td>Kassenwart&nbsp; <\/td><td>Jens Rhauderwiek<\/td><td><a href=\"mailto:rhauderwiek@tgp-papenburg.de\">rhauderwiek@tgp-papenburg.de<\/a><\/td><\/tr><tr><td>Ausbildungsleiter\/<br>\u00d6ffentlichkeitsarbeit<\/td><td>Dirk Wotte&nbsp; <\/td><td><a href=\"mailto:dirk@tgp-papenburg.de\">dirk@tgp-papenburg.de<\/a><\/td><\/tr><tr><td>Jugendwartin &nbsp;<\/td><td>Irmgard Fartmann-H\u00e4ringer<\/td><td><a href=\"mailto:jugend@tgp-papenburg.de\" target=\"_blank\" rel=\"noreferrer noopener\">jugend@tgp-papenburg.de<\/a><\/td><\/tr><tr><td>Jugendwart<\/td><td>Matthias Koppers <\/td><td><a href=\"mailto:jugend@tgp-papenburg.de\" target=\"_blank\" rel=\"noreferrer noopener\">jugend@tgp-papenburg.de<\/a><\/td><\/tr><tr><td>Ger\u00e4tewart<\/td><td>Christoph Meyer&nbsp;<\/td><td><a href=\"mailto:meyer@tgp-papenburg.de\">meyer@tgp-papenburg.de<\/a><\/td><\/tr><tr><td>Frauenwartin&nbsp; &nbsp; &nbsp; &nbsp; &nbsp; &nbsp; &nbsp; &nbsp; <\/td><td>Kerstin Bonk<br>Anke Schade<\/td><td><a href=\"mailto:frauenwartin@tgp-papenburg.de\" target=\"_blank\" rel=\"noreferrer noopener\">frauenwartin@tgp-papenburg.de<\/a><\/td><\/tr><\/tbody><\/table><\/figure>\n\n\n\n<p class=\"has-white-color has-text-color has-link-color wp-elements-7e4ac651328708ea719ac0894fa30934\">.<\/p>\n\n\n\n<p class=\"has-medium-font-size\"><em><strong>Wir freuen uns darauf mit dir das Abenteuer Unterwasser zu erleben!<\/strong><\/em><\/p>\n\n\n\n<p><\/p>\n\n\n\n<p class=\"has-medium-font-size\"><strong><a href=\"https:\/\/tgp-papenburg.de\/?page_id=232\">Anmeldung zum Ger\u00e4tetauchen<\/a><\/strong><\/p>\n\n\n\n<p class=\"has-medium-font-size\"><strong><a href=\"https:\/\/tgp-papenburg.de\/?page_id=4397\">Anmeldung zum Apnoetauchen<\/a><\/strong><\/p>\n\n\n\n<p><\/p>\n","protected":false},"excerpt":{"rendered":"<p>Tauchgemeinschaft Papenburg 1979 e.V. Immer einen Flossenschlag voraus! Alle wichtigen Informationen f\u00fcr Sie! Die Tauchgemeinschaft Papenburg 1979&nbsp; e.V. \u2013 wer ist das? Es handelt sich dabei um eine&nbsp;Gruppe von Tauchern&nbsp;und solchen, die es werden wollen. Sie sind einem der sch\u00f6nsten Hobbies verfallen: dem Bewegen im und unter Wasser. Dabei ist das Tauchen eine Leidenschaft, die&hellip; <br \/> <a class=\"read-more\" href=\"https:\/\/tgp-papenburg.de\/?page_id=234\">Weiterlesen<\/a><\/p>\n","protected":false},"author":1,"featured_media":0,"parent":52,"menu_order":2,"comment_status":"closed","ping_status":"closed","template":"","meta":{"ngg_post_thumbnail":0,"footnotes":""},"class_list":["post-234","page","type-page","status-publish","hentry"],"_links":{"self":[{"href":"https:\/\/tgp-papenburg.de\/index.php?rest_route=\/wp\/v2\/pages\/234","targetHints":{"allow":["GET"]}}],"collection":[{"href":"https:\/\/tgp-papenburg.de\/index.php?rest_route=\/wp\/v2\/pages"}],"about":[{"href":"https:\/\/tgp-papenburg.de\/index.php?rest_route=\/wp\/v2\/types\/page"}],"author":[{"embeddable":true,"href":"https:\/\/tgp-papenburg.de\/index.php?rest_route=\/wp\/v2\/users\/1"}],"replies":[{"embeddable":true,"href":"https:\/\/tgp-papenburg.de\/index.php?rest_route=%2Fwp%2Fv2%2Fcomments&post=234"}],"version-history":[{"count":36,"href":"https:\/\/tgp-papenburg.de\/index.php?rest_route=\/wp\/v2\/pages\/234\/revisions"}],"predecessor-version":[{"id":5595,"href":"https:\/\/tgp-papenburg.de\/index.php?rest_route=\/wp\/v2\/pages\/234\/revisions\/5595"}],"up":[{"embeddable":true,"href":"https:\/\/tgp-papenburg.de\/index.php?rest_route=\/wp\/v2\/pages\/52"}],"wp:attachment":[{"href":"https:\/\/tgp-papenburg.de\/index.php?rest_route=%2Fwp%2Fv2%2Fmedia&parent=234"}],"curies":[{"name":"wp","href":"https:\/\/api.w.org\/{rel}","templated":true}]}}